{"id":1140,"date":"2024-08-14T16:06:37","date_gmt":"2024-08-14T16:06:37","guid":{"rendered":"https:\/\/oteccondell.cl\/inicio\/?page_id=1140"},"modified":"2026-04-08T18:08:04","modified_gmt":"2026-04-08T18:08:04","slug":"familiarizacionabordo","status":"publish","type":"page","link":"https:\/\/oteccondell.cl\/inicio\/familiarizacionabordo\/","title":{"rendered":"familiarizacionabordo"},"content":{"rendered":"\t\t<div data-elementor-type=\"wp-page\" data-elementor-id=\"1140\" class=\"elementor elementor-1140\" data-elementor-post-type=\"page\">\n\t\t\t\t<div class=\"elementor-element elementor-element-1f0cbf71 e-flex e-con-boxed e-con e-parent\" data-id=\"1f0cbf71\" data-element_type=\"container\">\n\t\t\t\t\t<div class=\"e-con-inner\">\n\t\t\t\t<div class=\"elementor-element elementor-element-6a90c44e elementor-widget elementor-widget-image\" data-id=\"6a90c44e\" data-element_type=\"widget\" data-widget_type=\"image.default\">\n\t\t\t\t<div class=\"elementor-widget-container\">\n\t\t\t\t\t\t\t\t\t\t\t\t\t\t\t<img fetchpriority=\"high\" decoding=\"async\" width=\"800\" height=\"457\" src=\"https:\/\/oteccondell.cl\/inicio\/wp-content\/uploads\/2024\/08\/DALL\u00b7E-2024-06-13-00.48.45-A-clear-and-realistic-training-scene-from-the-Curso-Basico-de-Seguridad-y-Familiarizacion-a-Bordo-set-on-the-ships-deck-under-bright-daylight.-The-1024x585.png\" class=\"attachment-large size-large wp-image-1013\" alt=\"\" srcset=\"https:\/\/oteccondell.cl\/inicio\/wp-content\/uploads\/2024\/08\/DALL\u00b7E-2024-06-13-00.48.45-A-clear-and-realistic-training-scene-from-the-Curso-Basico-de-Seguridad-y-Familiarizacion-a-Bordo-set-on-the-ships-deck-under-bright-daylight.-The-1024x585.png 1024w, https:\/\/oteccondell.cl\/inicio\/wp-content\/uploads\/2024\/08\/DALL\u00b7E-2024-06-13-00.48.45-A-clear-and-realistic-training-scene-from-the-Curso-Basico-de-Seguridad-y-Familiarizacion-a-Bordo-set-on-the-ships-deck-under-bright-daylight.-The-300x171.png 300w, https:\/\/oteccondell.cl\/inicio\/wp-content\/uploads\/2024\/08\/DALL\u00b7E-2024-06-13-00.48.45-A-clear-and-realistic-training-scene-from-the-Curso-Basico-de-Seguridad-y-Familiarizacion-a-Bordo-set-on-the-ships-deck-under-bright-daylight.-The-768x439.png 768w, https:\/\/oteccondell.cl\/inicio\/wp-content\/uploads\/2024\/08\/DALL\u00b7E-2024-06-13-00.48.45-A-clear-and-realistic-training-scene-from-the-Curso-Basico-de-Seguridad-y-Familiarizacion-a-Bordo-set-on-the-ships-deck-under-bright-daylight.-The-1536x878.png 1536w, https:\/\/oteccondell.cl\/inicio\/wp-content\/uploads\/2024\/08\/DALL\u00b7E-2024-06-13-00.48.45-A-clear-and-realistic-training-scene-from-the-Curso-Basico-de-Seguridad-y-Familiarizacion-a-Bordo-set-on-the-ships-deck-under-bright-daylight.-The.png 1792w\" sizes=\"(max-width: 800px) 100vw, 800px\" \/>\t\t\t\t\t\t\t\t\t\t\t\t\t\t\t<\/div>\n\t\t\t\t<\/div>\n\t\t\t\t\t<\/div>\n\t\t\t\t<\/div>\n\t\t<div class=\"elementor-element elementor-element-411267bd e-flex e-con-boxed e-con e-parent\" data-id=\"411267bd\" data-element_type=\"container\">\n\t\t\t\t\t<div class=\"e-con-inner\">\n\t\t\t\t<div class=\"elementor-element elementor-element-614e22b elementor-widget elementor-widget-heading\" data-id=\"614e22b\" data-element_type=\"widget\" data-widget_type=\"heading.default\">\n\t\t\t\t<div class=\"elementor-widget-container\">\n\t\t\t\t\t<h3 class=\"elementor-heading-title elementor-size-default\"><br>CURSO BASICO DE SEGURIDAD Y FAMILIARIZACION A BORDO<\/h3>\t\t\t\t<\/div>\n\t\t\t\t<\/div>\n\t\t\t\t\t<\/div>\n\t\t\t\t<\/div>\n\t\t<div class=\"elementor-element elementor-element-4d83e563 e-flex e-con-boxed e-con e-parent\" data-id=\"4d83e563\" data-element_type=\"container\">\n\t\t\t\t\t<div class=\"e-con-inner\">\n\t\t\t\t\t<\/div>\n\t\t\t\t<\/div>\n\t\t\t\t<section class=\"elementor-section elementor-top-section elementor-element elementor-element-3291c3a5 elementor-section-boxed elementor-section-height-default elementor-section-height-default\" data-id=\"3291c3a5\" data-element_type=\"section\">\n\t\t\t\t\t\t<div class=\"elementor-container elementor-column-gap-default\">\n\t\t\t\t\t<div class=\"elementor-column elementor-col-100 elementor-top-column elementor-element elementor-element-532064b6\" data-id=\"532064b6\" data-element_type=\"column\">\n\t\t\t<div class=\"elementor-widget-wrap elementor-element-populated\">\n\t\t\t\t\t\t<div class=\"elementor-element elementor-element-740a1fbe elementor-widget elementor-widget-text-editor\" data-id=\"740a1fbe\" data-element_type=\"widget\" data-widget_type=\"text-editor.default\">\n\t\t\t\t<div class=\"elementor-widget-container\">\n\t\t\t\t\t\t\t\t\t<p><u>FUNDAMENTACI\u00d3N T\u00c9CNICA: <\/u><\/p><p>El programa de este curso, contempla los m\u00f3dulos de \u201cNomenclatura N\u00e1utica B\u00e1sica y Organizaci\u00f3n a Bordo\u201d, \u201cPrimeros Auxilios B\u00e1sicos\u201d, \u201cT\u00e9cnicas de Supervivencia Personal\u201d y \u201cPrevenci\u00f3n y Lucha Contra Incendio\u201d, de conformidad a lo establecido en el Cap\u00edtulo VI del Convenio Internacional STCW 95, y exigible adem\u00e1s en el art. 49 del Reglamento sobre Formaci\u00f3n, Titulaci\u00f3n y Carrera Profesional del Personal Embarcado, aprobado por Decreto Supremo (M.) N\u00b0 90 de 1999. B.<\/p><p>\u00a0<\/p><p><u>OBJETIVOS GENERALES<\/u>:<\/p><p>Al t\u00e9rmino del curso el alumno ser\u00e1 capaz de:<\/p><ul><li>Conocer y aplicar la terminolog\u00eda y nomenclatura n\u00e1utica b\u00e1sica de una nave.<\/li><li>Poder comunicarse con otras personas a bordo, en lo que respecta a cuestiones elementales de seguridad y entender los s\u00edmbolos, signos y las se\u00f1ales de alarma relativas a la seguridad.<\/li><li>Saber actuar en caso que una persona caiga al mar.<\/li><li>Saber reaccionar y actuar al detectar humo o fuego y en caso de escuchar la alarma de incendio o de abandono del buque.<\/li><li>Dar la alarma y tener los conocimientos b\u00e1sicos para participar en la extinci\u00f3n de un incendio a bordo.<\/li><li>Abrir o cerrar las puertas estancas contraincendios existentes en el buque.<\/li><li>Localizar y ponerse con rapidez y en forma adecuada el chaleco salvavidas.<\/li><li>Identificar los puestos de reuni\u00f3n y de embarco, as\u00ed como las v\u00edas de evacuaci\u00f3n en caso de emergencia.<\/li><li>Reaccionar en forma correcta durante situaciones de emergencia, y tomar las medidas apropiadas para la supervivencia propia y la de los dem\u00e1s, utilizando correctamente los equipos de supervivencia.<\/li><li>Adoptar las medidas inmediatas b\u00e1sicas de primeros auxilios al encontrarse con un accidente u otra emergencia de tipo m\u00e9dico, antes de pedir asistencia m\u00e9dica a bordo C.-<\/li><\/ul><div>\u00a0<\/div><div>\u00a0<\/div><p><u>\u00a0POBLACI\u00d3N OBJETIVO<\/u>:<\/p><p>\u00a0\u00a0\u00a0\u00a0\u00a0\u00a0\u00a0\u00a0\u00a0\u00a0\u00a0\u00a0\u00a0\u00a0 El curso debe ser realizado antes de la obtenci\u00f3n de un Permiso de Embarco y est\u00e1 orientado a las personas que, no teniendo la calidad de pasajeros, y que, mediante contrato de trabajo, desempe\u00f1ar\u00e1n a bordo funciones distintas a la dotaci\u00f3n de seguridad. Abarca a los alumnos en pr\u00e1ctica, personal de turismo y todos aquellos que en el pasado se reconocieron como \u201cAGREGADOS AL ROL\u201d.<\/p><p>\u00a0<\/p><p>\u00a0<\/p>\t\t\t\t\t\t\t\t<\/div>\n\t\t\t\t<\/div>\n\t\t\t\t\t<\/div>\n\t\t<\/div>\n\t\t\t\t\t<\/div>\n\t\t<\/section>\n\t\t<div class=\"elementor-element elementor-element-8b7d14c e-flex e-con-boxed e-con e-parent\" data-id=\"8b7d14c\" data-element_type=\"container\">\n\t\t\t\t\t<div class=\"e-con-inner\">\n\t\t\t\t<div class=\"elementor-element elementor-element-634d6047 elementor-widget elementor-widget-heading\" data-id=\"634d6047\" data-element_type=\"widget\" data-widget_type=\"heading.default\">\n\t\t\t\t<div class=\"elementor-widget-container\">\n\t\t\t\t\t<h3 class=\"elementor-heading-title elementor-size-default\"><br>\u00a1INSCRIBETE AQUI!<\/h3>\t\t\t\t<\/div>\n\t\t\t\t<\/div>\n\t\t\t\t<div class=\"elementor-element elementor-element-27bec99f elementor-widget elementor-widget-shortcode\" data-id=\"27bec99f\" data-element_type=\"widget\" data-widget_type=\"shortcode.default\">\n\t\t\t\t<div class=\"elementor-widget-container\">\n\t\t\t\t\t\t\t<div class=\"elementor-shortcode\"><iframe\n  src=\"https:\/\/plataformaeducacional.cl\/consultas\/consultas_form.php?inst=6&embed=1\"\n  width=\"360\"\n  height=\"598\"\n  style=\"border:0;overflow:hidden\"\n  title=\"Consulta\"\n><\/iframe><\/div>\n\t\t\t\t\t\t<\/div>\n\t\t\t\t<\/div>\n\t\t\t\t\t<\/div>\n\t\t\t\t<\/div>\n\t\t<div class=\"elementor-element elementor-element-10a75511 e-flex e-con-boxed e-con e-parent\" data-id=\"10a75511\" data-element_type=\"container\">\n\t\t\t\t\t<div class=\"e-con-inner\">\n\t\t\t\t\t<\/div>\n\t\t\t\t<\/div>\n\t\t\t\t<div class=\"elementor-section elementor-top-section elementor-element elementor-element-43657b55 elementor-section-content-space-evenly elementor-section-boxed elementor-section-height-default elementor-section-height-default elementor-invisible\" data-id=\"43657b55\" data-element_type=\"section\" data-settings=\"{&quot;background_background&quot;:&quot;classic&quot;,&quot;animation&quot;:&quot;fadeInUp&quot;}\">\n\t\t\t\t\t\t\t<div class=\"elementor-background-overlay\"><\/div>\n\t\t\t\t\t\t\t<div class=\"elementor-container elementor-column-gap-default\">\n\t\t\t\t\t<div class=\"elementor-column elementor-col-100 elementor-top-column elementor-element elementor-element-3d7f7606\" data-id=\"3d7f7606\" data-element_type=\"column\">\n\t\t\t<div class=\"elementor-widget-wrap elementor-element-populated\">\n\t\t\t\t\t\t<div class=\"elementor-element elementor-element-701d96bd elementor-widget elementor-widget-text-editor\" data-id=\"701d96bd\" data-element_type=\"widget\" data-widget_type=\"text-editor.default\">\n\t\t\t\t<div class=\"elementor-widget-container\">\n\t\t\t\t\t\t\t\t\t<p style=\"text-align: center;\"><span style=\"color: #ffffff;\">\u00a9 Todos los derechos reservados 2024<\/span><\/p>\t\t\t\t\t\t\t\t<\/div>\n\t\t\t\t<\/div>\n\t\t\t\t\t<\/div>\n\t\t<\/div>\n\t\t\t\t\t<\/div>\n\t\t<\/div>\n\t\t\t\t<\/div>\n\t\t","protected":false},"excerpt":{"rendered":"<p>CURSO BASICO DE SEGURIDAD Y FAMILIARIZACION A BORDO FUNDAMENTACI\u00d3N T\u00c9CNICA: El programa de este curso, contempla los m\u00f3dulos de \u201cNomenclatura N\u00e1utica B\u00e1sica y Organizaci\u00f3n a Bordo\u201d, \u201cPrimeros Auxilios B\u00e1sicos\u201d, \u201cT\u00e9cnicas de Supervivencia Personal\u201d y \u201cPrevenci\u00f3n y Lucha Contra Incendio\u201d, de conformidad a lo establecido en el Cap\u00edtulo VI del Convenio Internacional STCW 95, y exigible [&hellip;]<\/p>\n","protected":false},"author":1,"featured_media":0,"parent":0,"menu_order":0,"comment_status":"closed","ping_status":"closed","template":"","meta":{"footnotes":""},"class_list":["post-1140","page","type-page","status-publish","hentry"],"_links":{"self":[{"href":"https:\/\/oteccondell.cl\/inicio\/wp-json\/wp\/v2\/pages\/1140","targetHints":{"allow":["GET"]}}],"collection":[{"href":"https:\/\/oteccondell.cl\/inicio\/wp-json\/wp\/v2\/pages"}],"about":[{"href":"https:\/\/oteccondell.cl\/inicio\/wp-json\/wp\/v2\/types\/page"}],"author":[{"embeddable":true,"href":"https:\/\/oteccondell.cl\/inicio\/wp-json\/wp\/v2\/users\/1"}],"replies":[{"embeddable":true,"href":"https:\/\/oteccondell.cl\/inicio\/wp-json\/wp\/v2\/comments?post=1140"}],"version-history":[{"count":13,"href":"https:\/\/oteccondell.cl\/inicio\/wp-json\/wp\/v2\/pages\/1140\/revisions"}],"predecessor-version":[{"id":1220,"href":"https:\/\/oteccondell.cl\/inicio\/wp-json\/wp\/v2\/pages\/1140\/revisions\/1220"}],"wp:attachment":[{"href":"https:\/\/oteccondell.cl\/inicio\/wp-json\/wp\/v2\/media?parent=1140"}],"curies":[{"name":"wp","href":"https:\/\/api.w.org\/{rel}","templated":true}]}}